{"id":72,"date":"2018-02-22T19:53:43","date_gmt":"2018-02-22T18:53:43","guid":{"rendered":"http:\/\/michelclermont-photo.com\/?page_id=72"},"modified":"2021-06-22T16:22:10","modified_gmt":"2021-06-22T14:22:10","slug":"mode","status":"publish","type":"page","link":"https:\/\/michelclermont-photo.com\/index.php\/mode\/","title":{"rendered":"Off"},"content":{"rendered":"\t\t<div data-elementor-type=\"wp-page\" data-elementor-id=\"72\" class=\"elementor elementor-72\" data-elementor-settings=\"[]\">\n\t\t\t\t\t\t<div class=\"elementor-inner\">\n\t\t\t\t\t\t\t<div class=\"elementor-section-wrap\">\n\t\t\t\t\t\t\t<section class=\"elementor-section elementor-top-section elementor-element elementor-element-7799c020 elementor-section-stretched elementor-section-boxed elementor-section-height-default elementor-section-height-default\" data-id=\"7799c020\" data-element_type=\"section\" data-settings=\"{&quot;stretch_section&quot;:&quot;section-stretched&quot;,&quot;background_background&quot;:&quot;classic&quot;}\">\n\t\t\t\t\t\t<div class=\"elementor-container elementor-column-gap-default\">\n\t\t\t\t\t\t\t<div class=\"elementor-row\">\n\t\t\t\t\t<div class=\"elementor-column elementor-col-100 elementor-top-column elementor-element elementor-element-7bf905aa\" data-id=\"7bf905aa\" data-element_type=\"column\">\n\t\t\t<div class=\"elementor-column-wrap elementor-element-populated\">\n\t\t\t\t\t\t\t<div class=\"elementor-widget-wrap\">\n\t\t\t\t\t\t<div class=\"elementor-element elementor-element-423e985f elementor-widget elementor-widget-text-editor\" data-id=\"423e985f\" data-element_type=\"widget\" data-widget_type=\"text-editor.default\">\n\t\t\t\t<div class=\"elementor-widget-container\">\n\t\t\t\t\t\t\t\t<div class=\"elementor-text-editor elementor-clearfix\">\n\t\t\t\t\t&nbsp;\n\n\t\t\t<style>\r\n                #foogallery-gallery-205.fg-justified .fg-item {\r\n                    margin-right: 1px;\r\n                    margin-bottom: 1px;\r\n                }\r\n\r\n                #foogallery-gallery-205.fg-justified .fg-image {\r\n                    height: 250px;\r\n                }\r\n\t\t\t<\/style>\r\n\t\t\t<div class=\"foogallery foogallery-container foogallery-justified foogallery-lightbox-foobox fg-justified fg-light fg-border-thin fg-shadow-outline fg-loading-default fg-loaded-fade-in fg-caption-hover fg-hover-fade fg-ready\" id=\"foogallery-gallery-205\" data-foogallery=\"{&quot;item&quot;:{&quot;showCaptionTitle&quot;:false,&quot;showCaptionDescription&quot;:false},&quot;lazy&quot;:true,&quot;template&quot;:{&quot;rowHeight&quot;:250,&quot;maxRowHeight&quot;:350,&quot;margins&quot;:1,&quot;align&quot;:&quot;center&quot;,&quot;lastRow&quot;:&quot;smart&quot;}}\" >\r\n\t<div class=\"fg-item fg-type-image fg-idle\"><figure class=\"fg-item-inner\"><a data-attachment-id=\"271\" data-type=\"image\" class=\"fg-thumb\"><span class=\"fg-image-wrap\"><img decoding=\"async\" height=\"350\" width=\"524\" class=\"skip-lazy fg-image\" data-src-fg=\"https:\/\/michelclermont-photo.com\/wp-content\/uploads\/cache\/2018\/02\/Michel-clermont-photo-portrait-couleur-d\u00e9ifl\u00e9-duo-dos-\u00e0-dos-72\/172617822.jpg\" src=\"data:image\/svg+xml,%3Csvg%20xmlns%3D%22http%3A%2F%2Fwww.w3.org%2F2000%2Fsvg%22%20width%3D%22524%22%20height%3D%22350%22%20viewBox%3D%220%200%20524%20350%22%3E%3C%2Fsvg%3E\" loading=\"eager\"><\/span><span class=\"fg-image-overlay\"><\/span><\/a><figcaption class=\"fg-caption\"><div class=\"fg-caption-inner\"><\/div><\/figcaption><\/figure><div class=\"fg-loader\"><\/div><\/div><div class=\"fg-item fg-type-image fg-idle\"><figure class=\"fg-item-inner\"><a data-attachment-id=\"291\" data-type=\"image\" class=\"fg-thumb\"><span class=\"fg-image-wrap\"><img decoding=\"async\" height=\"350\" width=\"525\" class=\"skip-lazy fg-image\" data-src-fg=\"https:\/\/michelclermont-photo.com\/wp-content\/uploads\/cache\/2018\/02\/Michel-clermont-photo-portrait-style-miroir-collant-chaise-essayage-72\/682208282.jpg\" src=\"data:image\/svg+xml,%3Csvg%20xmlns%3D%22http%3A%2F%2Fwww.w3.org%2F2000%2Fsvg%22%20width%3D%22525%22%20height%3D%22350%22%20viewBox%3D%220%200%20525%20350%22%3E%3C%2Fsvg%3E\" loading=\"eager\"><\/span><span class=\"fg-image-overlay\"><\/span><\/a><figcaption class=\"fg-caption\"><div class=\"fg-caption-inner\"><\/div><\/figcaption><\/figure><div class=\"fg-loader\"><\/div><\/div><div class=\"fg-item fg-type-image fg-idle\"><figure class=\"fg-item-inner\"><a data-caption-title=\"Michel-clermont-photo-portrait-couleur-profil-serr\u00e9-droit-pinceau-main-paupi\u00e8re-off-72-color-maqullage-rose-l\u00e8vres\" data-attachment-id=\"283\" data-type=\"image\" class=\"fg-thumb\"><span class=\"fg-image-wrap\"><img decoding=\"async\" title=\"Michel-clermont-photo-portrait-couleur-profil-serr\u00e9-droit-pinceau-main-paupi\u00e8re-off-72-color-maqullage-rose-l\u00e8vres\" height=\"350\" width=\"234\" class=\"skip-lazy fg-image\" data-src-fg=\"https:\/\/michelclermont-photo.com\/wp-content\/uploads\/cache\/2018\/02\/Michel-clermont-photo-portrait-couleur-profil-serr\u00e9-pinceau-main-paupi\u00e8re-off-72\/-1994673972.jpg\" src=\"data:image\/svg+xml,%3Csvg%20xmlns%3D%22http%3A%2F%2Fwww.w3.org%2F2000%2Fsvg%22%20width%3D%22234%22%20height%3D%22350%22%20viewBox%3D%220%200%20234%20350%22%3E%3C%2Fsvg%3E\" loading=\"eager\"><\/span><span class=\"fg-image-overlay\"><\/span><\/a><figcaption class=\"fg-caption\"><div class=\"fg-caption-inner\"><\/div><\/figcaption><\/figure><div class=\"fg-loader\"><\/div><\/div><div class=\"fg-item fg-type-image fg-idle\"><figure class=\"fg-item-inner\"><a data-attachment-id=\"287\" data-type=\"image\" class=\"fg-thumb\"><span class=\"fg-image-wrap\"><img decoding=\"async\" height=\"350\" width=\"234\" class=\"skip-lazy fg-image\" data-src-fg=\"https:\/\/michelclermont-photo.com\/wp-content\/uploads\/cache\/2018\/02\/Michel-clermont-photo-portrait-noirblanc-robe-rayure-fenetre-balcon-72\/1204151939.jpg\" src=\"data:image\/svg+xml,%3Csvg%20xmlns%3D%22http%3A%2F%2Fwww.w3.org%2F2000%2Fsvg%22%20width%3D%22234%22%20height%3D%22350%22%20viewBox%3D%220%200%20234%20350%22%3E%3C%2Fsvg%3E\" loading=\"eager\"><\/span><span class=\"fg-image-overlay\"><\/span><\/a><figcaption class=\"fg-caption\"><div class=\"fg-caption-inner\"><\/div><\/figcaption><\/figure><div class=\"fg-loader\"><\/div><\/div><div class=\"fg-item fg-type-image fg-idle\"><figure class=\"fg-item-inner\"><a data-attachment-id=\"284\" data-type=\"image\" class=\"fg-thumb\"><span class=\"fg-image-wrap\"><img decoding=\"async\" height=\"350\" width=\"234\" class=\"skip-lazy fg-image\" data-src-fg=\"https:\/\/michelclermont-photo.com\/wp-content\/uploads\/cache\/2018\/02\/Michel-clermont-photo-portrait-couleur-textile-bracelet-bandeau-soutien-gorge-noir-72-2\/1595818031.jpg\" src=\"data:image\/svg+xml,%3Csvg%20xmlns%3D%22http%3A%2F%2Fwww.w3.org%2F2000%2Fsvg%22%20width%3D%22234%22%20height%3D%22350%22%20viewBox%3D%220%200%20234%20350%22%3E%3C%2Fsvg%3E\" loading=\"eager\"><\/span><span class=\"fg-image-overlay\"><\/span><\/a><figcaption class=\"fg-caption\"><div class=\"fg-caption-inner\"><\/div><\/figcaption><\/figure><div class=\"fg-loader\"><\/div><\/div><div class=\"fg-item fg-type-image fg-idle\"><figure class=\"fg-item-inner\"><a data-attachment-id=\"270\" data-type=\"image\" class=\"fg-thumb\"><span class=\"fg-image-wrap\"><img decoding=\"async\" height=\"350\" width=\"400\" class=\"skip-lazy fg-image\" data-src-fg=\"https:\/\/michelclermont-photo.com\/wp-content\/uploads\/cache\/2018\/02\/Michel-clermont-photo-portrait-couleur-chaise-jambiere-vase-fleur-72\/-2032891925.jpg\" src=\"data:image\/svg+xml,%3Csvg%20xmlns%3D%22http%3A%2F%2Fwww.w3.org%2F2000%2Fsvg%22%20width%3D%22400%22%20height%3D%22350%22%20viewBox%3D%220%200%20400%20350%22%3E%3C%2Fsvg%3E\" loading=\"eager\"><\/span><span class=\"fg-image-overlay\"><\/span><\/a><figcaption class=\"fg-caption\"><div class=\"fg-caption-inner\"><\/div><\/figcaption><\/figure><div class=\"fg-loader\"><\/div><\/div><div class=\"fg-item fg-type-image fg-idle\"><figure class=\"fg-item-inner\"><a data-attachment-id=\"276\" data-type=\"image\" class=\"fg-thumb\"><span class=\"fg-image-wrap\"><img decoding=\"async\" height=\"350\" width=\"234\" class=\"skip-lazy fg-image\" data-src-fg=\"https:\/\/michelclermont-photo.com\/wp-content\/uploads\/cache\/2018\/02\/Michel-clermont-photo-portrait-couleur-m\u00e9tisse-mode-maquillage-profil-serr\u00e9-off-72\/361768839.jpg\" src=\"data:image\/svg+xml,%3Csvg%20xmlns%3D%22http%3A%2F%2Fwww.w3.org%2F2000%2Fsvg%22%20width%3D%22234%22%20height%3D%22350%22%20viewBox%3D%220%200%20234%20350%22%3E%3C%2Fsvg%3E\" loading=\"eager\"><\/span><span class=\"fg-image-overlay\"><\/span><\/a><figcaption class=\"fg-caption\"><div class=\"fg-caption-inner\"><\/div><\/figcaption><\/figure><div class=\"fg-loader\"><\/div><\/div><div class=\"fg-item fg-type-image fg-idle\"><figure class=\"fg-item-inner\"><a data-attachment-id=\"273\" data-type=\"image\" class=\"fg-thumb\"><span class=\"fg-image-wrap\"><img decoding=\"async\" height=\"350\" width=\"234\" class=\"skip-lazy fg-image\" data-src-fg=\"https:\/\/michelclermont-photo.com\/wp-content\/uploads\/cache\/2018\/02\/Michel-clermont-photo-portrait-couleur-jambe-bas-fond-noir-torse-nu-72\/-1648028667.jpg\" src=\"data:image\/svg+xml,%3Csvg%20xmlns%3D%22http%3A%2F%2Fwww.w3.org%2F2000%2Fsvg%22%20width%3D%22234%22%20height%3D%22350%22%20viewBox%3D%220%200%20234%20350%22%3E%3C%2Fsvg%3E\" loading=\"eager\"><\/span><span class=\"fg-image-overlay\"><\/span><\/a><figcaption class=\"fg-caption\"><div class=\"fg-caption-inner\"><\/div><\/figcaption><\/figure><div class=\"fg-loader\"><\/div><\/div><div class=\"fg-item fg-type-image fg-idle\"><figure class=\"fg-item-inner\"><a data-attachment-id=\"274\" data-type=\"image\" class=\"fg-thumb\"><span class=\"fg-image-wrap\"><img decoding=\"async\" height=\"350\" width=\"234\" class=\"skip-lazy fg-image\" data-src-fg=\"https:\/\/michelclermont-photo.com\/wp-content\/uploads\/cache\/2018\/02\/Michel-clermont-photo-portrait-couleur-large-theatre-mystic-blanche-drapp\u00e9-72\/197680810.jpg\" src=\"data:image\/svg+xml,%3Csvg%20xmlns%3D%22http%3A%2F%2Fwww.w3.org%2F2000%2Fsvg%22%20width%3D%22234%22%20height%3D%22350%22%20viewBox%3D%220%200%20234%20350%22%3E%3C%2Fsvg%3E\" loading=\"eager\"><\/span><span class=\"fg-image-overlay\"><\/span><\/a><figcaption class=\"fg-caption\"><div class=\"fg-caption-inner\"><\/div><\/figcaption><\/figure><div class=\"fg-loader\"><\/div><\/div><div class=\"fg-item fg-type-image fg-idle\"><figure class=\"fg-item-inner\"><a data-attachment-id=\"288\" data-type=\"image\" class=\"fg-thumb\"><span class=\"fg-image-wrap\"><img decoding=\"async\" height=\"350\" width=\"234\" class=\"skip-lazy fg-image\" data-src-fg=\"https:\/\/michelclermont-photo.com\/wp-content\/uploads\/cache\/2018\/02\/Michel-clermont-photo-portrait-noir-blanc-defile-chaise-rire-72-2\/468581468.jpg\" src=\"data:image\/svg+xml,%3Csvg%20xmlns%3D%22http%3A%2F%2Fwww.w3.org%2F2000%2Fsvg%22%20width%3D%22234%22%20height%3D%22350%22%20viewBox%3D%220%200%20234%20350%22%3E%3C%2Fsvg%3E\" loading=\"eager\"><\/span><span class=\"fg-image-overlay\"><\/span><\/a><figcaption class=\"fg-caption\"><div class=\"fg-caption-inner\"><\/div><\/figcaption><\/figure><div class=\"fg-loader\"><\/div><\/div><div class=\"fg-item fg-type-image fg-idle\"><figure class=\"fg-item-inner\"><a data-attachment-id=\"280\" data-type=\"image\" class=\"fg-thumb\"><span class=\"fg-image-wrap\"><img decoding=\"async\" height=\"350\" width=\"234\" class=\"skip-lazy fg-image\" data-src-fg=\"https:\/\/michelclermont-photo.com\/wp-content\/uploads\/cache\/2018\/02\/Michel-clermont-photo-portrait-couleur-mode-robe-noir-mur-blanc-72\/-255926445.jpg\" src=\"data:image\/svg+xml,%3Csvg%20xmlns%3D%22http%3A%2F%2Fwww.w3.org%2F2000%2Fsvg%22%20width%3D%22234%22%20height%3D%22350%22%20viewBox%3D%220%200%20234%20350%22%3E%3C%2Fsvg%3E\" loading=\"eager\"><\/span><span class=\"fg-image-overlay\"><\/span><\/a><figcaption class=\"fg-caption\"><div class=\"fg-caption-inner\"><\/div><\/figcaption><\/figure><div class=\"fg-loader\"><\/div><\/div><div class=\"fg-item fg-type-image fg-idle\"><figure class=\"fg-item-inner\"><a data-attachment-id=\"282\" data-type=\"image\" class=\"fg-thumb\"><span class=\"fg-image-wrap\"><img decoding=\"async\" height=\"350\" width=\"525\" class=\"skip-lazy fg-image\" data-src-fg=\"https:\/\/michelclermont-photo.com\/wp-content\/uploads\/cache\/2018\/02\/Michel-clermont-photo-portrait-couleur-profil-large-bandeau-ext\u00e9rieur-soleil-mode-off-72\/-1401318756.jpg\" src=\"data:image\/svg+xml,%3Csvg%20xmlns%3D%22http%3A%2F%2Fwww.w3.org%2F2000%2Fsvg%22%20width%3D%22525%22%20height%3D%22350%22%20viewBox%3D%220%200%20525%20350%22%3E%3C%2Fsvg%3E\" loading=\"eager\"><\/span><span class=\"fg-image-overlay\"><\/span><\/a><figcaption class=\"fg-caption\"><div class=\"fg-caption-inner\"><\/div><\/figcaption><\/figure><div class=\"fg-loader\"><\/div><\/div><div class=\"fg-item fg-type-image fg-idle\"><figure class=\"fg-item-inner\"><a data-attachment-id=\"285\" data-type=\"image\" class=\"fg-thumb\"><span class=\"fg-image-wrap\"><img decoding=\"async\" height=\"350\" width=\"234\" class=\"skip-lazy fg-image\" data-src-fg=\"https:\/\/michelclermont-photo.com\/wp-content\/uploads\/cache\/2018\/02\/Michel-clermont-photo-portrait-couleur-traditionnel-72\/-47229703.jpg\" src=\"data:image\/svg+xml,%3Csvg%20xmlns%3D%22http%3A%2F%2Fwww.w3.org%2F2000%2Fsvg%22%20width%3D%22234%22%20height%3D%22350%22%20viewBox%3D%220%200%20234%20350%22%3E%3C%2Fsvg%3E\" loading=\"eager\"><\/span><span class=\"fg-image-overlay\"><\/span><\/a><figcaption class=\"fg-caption\"><div class=\"fg-caption-inner\"><\/div><\/figcaption><\/figure><div class=\"fg-loader\"><\/div><\/div><div class=\"fg-item fg-type-image fg-idle\"><figure class=\"fg-item-inner\"><a data-attachment-id=\"289\" data-type=\"image\" class=\"fg-thumb\"><span class=\"fg-image-wrap\"><img decoding=\"async\" height=\"350\" width=\"234\" class=\"skip-lazy fg-image\" data-src-fg=\"https:\/\/michelclermont-photo.com\/wp-content\/uploads\/cache\/2018\/02\/Michel-clermont-photo-portrait-plein-pied-noirblanc-culotte-masque-plume-72\/-1632739891.jpg\" src=\"data:image\/svg+xml,%3Csvg%20xmlns%3D%22http%3A%2F%2Fwww.w3.org%2F2000%2Fsvg%22%20width%3D%22234%22%20height%3D%22350%22%20viewBox%3D%220%200%20234%20350%22%3E%3C%2Fsvg%3E\" loading=\"eager\"><\/span><span class=\"fg-image-overlay\"><\/span><\/a><figcaption class=\"fg-caption\"><div class=\"fg-caption-inner\"><\/div><\/figcaption><\/figure><div class=\"fg-loader\"><\/div><\/div><div class=\"fg-item fg-type-image fg-idle\"><figure class=\"fg-item-inner\"><a data-attachment-id=\"264\" data-type=\"image\" class=\"fg-thumb\"><span class=\"fg-image-wrap\"><img decoding=\"async\" height=\"350\" width=\"525\" class=\"skip-lazy fg-image\" data-src-fg=\"https:\/\/michelclermont-photo.com\/wp-content\/uploads\/cache\/2018\/02\/Michel-clermont-photo-portrait-couleur-maquillage-d\u00e9fil\u00e9-72\/-1233416294.jpg\" src=\"data:image\/svg+xml,%3Csvg%20xmlns%3D%22http%3A%2F%2Fwww.w3.org%2F2000%2Fsvg%22%20width%3D%22525%22%20height%3D%22350%22%20viewBox%3D%220%200%20525%20350%22%3E%3C%2Fsvg%3E\" loading=\"eager\"><\/span><span class=\"fg-image-overlay\"><\/span><\/a><figcaption class=\"fg-caption\"><div class=\"fg-caption-inner\"><\/div><\/figcaption><\/figure><div class=\"fg-loader\"><\/div><\/div><div class=\"fg-item fg-type-image fg-idle\"><figure class=\"fg-item-inner\"><a data-attachment-id=\"290\" data-type=\"image\" class=\"fg-thumb\"><span class=\"fg-image-wrap\"><img decoding=\"async\" height=\"350\" width=\"234\" class=\"skip-lazy fg-image\" data-src-fg=\"https:\/\/michelclermont-photo.com\/wp-content\/uploads\/cache\/2018\/02\/Michel-clermont-photo-portrait-style-masque-vintage-collier-72\/-1707122042.jpg\" src=\"data:image\/svg+xml,%3Csvg%20xmlns%3D%22http%3A%2F%2Fwww.w3.org%2F2000%2Fsvg%22%20width%3D%22234%22%20height%3D%22350%22%20viewBox%3D%220%200%20234%20350%22%3E%3C%2Fsvg%3E\" loading=\"eager\"><\/span><span class=\"fg-image-overlay\"><\/span><\/a><figcaption class=\"fg-caption\"><div class=\"fg-caption-inner\"><\/div><\/figcaption><\/figure><div class=\"fg-loader\"><\/div><\/div><div class=\"fg-item fg-type-image fg-idle\"><figure class=\"fg-item-inner\"><a data-attachment-id=\"294\" data-type=\"image\" class=\"fg-thumb\"><span class=\"fg-image-wrap\"><img decoding=\"async\" height=\"350\" width=\"233\" class=\"skip-lazy fg-image\" data-src-fg=\"https:\/\/michelclermont-photo.com\/wp-content\/uploads\/cache\/2018\/03\/Michel-clermont-photo-portrait-mode-style-miroir-robe-noire-sourire-72\/-2022609364.jpg\" src=\"data:image\/svg+xml,%3Csvg%20xmlns%3D%22http%3A%2F%2Fwww.w3.org%2F2000%2Fsvg%22%20width%3D%22233%22%20height%3D%22350%22%20viewBox%3D%220%200%20233%20350%22%3E%3C%2Fsvg%3E\" loading=\"eager\"><\/span><span class=\"fg-image-overlay\"><\/span><\/a><figcaption class=\"fg-caption\"><div class=\"fg-caption-inner\"><\/div><\/figcaption><\/figure><div class=\"fg-loader\"><\/div><\/div><div class=\"fg-item fg-type-image fg-idle\"><figure class=\"fg-item-inner\"><a data-attachment-id=\"575\" data-type=\"image\" class=\"fg-thumb\"><span class=\"fg-image-wrap\"><img decoding=\"async\" height=\"350\" width=\"233\" class=\"skip-lazy fg-image\" data-src-fg=\"https:\/\/michelclermont-photo.com\/wp-content\/uploads\/cache\/2018\/06\/IMG_0093\/402069383.jpg\" src=\"data:image\/svg+xml,%3Csvg%20xmlns%3D%22http%3A%2F%2Fwww.w3.org%2F2000%2Fsvg%22%20width%3D%22233%22%20height%3D%22350%22%20viewBox%3D%220%200%20233%20350%22%3E%3C%2Fsvg%3E\" loading=\"eager\"><\/span><span class=\"fg-image-overlay\"><\/span><\/a><figcaption class=\"fg-caption\"><div class=\"fg-caption-inner\"><\/div><\/figcaption><\/figure><div class=\"fg-loader\"><\/div><\/div><div class=\"fg-item fg-type-image fg-idle\"><figure class=\"fg-item-inner\"><a data-attachment-id=\"574\" data-type=\"image\" class=\"fg-thumb\"><span class=\"fg-image-wrap\"><img decoding=\"async\" height=\"350\" width=\"233\" class=\"skip-lazy fg-image\" data-src-fg=\"https:\/\/michelclermont-photo.com\/wp-content\/uploads\/cache\/2018\/06\/IMG_0079\/-1381897411.jpg\" src=\"data:image\/svg+xml,%3Csvg%20xmlns%3D%22http%3A%2F%2Fwww.w3.org%2F2000%2Fsvg%22%20width%3D%22233%22%20height%3D%22350%22%20viewBox%3D%220%200%20233%20350%22%3E%3C%2Fsvg%3E\" loading=\"eager\"><\/span><span class=\"fg-image-overlay\"><\/span><\/a><figcaption class=\"fg-caption\"><div class=\"fg-caption-inner\"><\/div><\/figcaption><\/figure><div class=\"fg-loader\"><\/div><\/div><div class=\"fg-item fg-type-image fg-idle\"><figure class=\"fg-item-inner\"><a data-caption-title=\"charme-couleur-color-graffiti-the guy\" data-caption-desc=\"charme-couleur-color-graffiti-the guy\" data-attachment-id=\"570\" data-type=\"image\" class=\"fg-thumb\"><span class=\"fg-image-wrap\"><img decoding=\"async\" title=\"charme-couleur-color-graffiti-the guy\" height=\"350\" width=\"525\" class=\"skip-lazy fg-image\" data-src-fg=\"https:\/\/michelclermont-photo.com\/wp-content\/uploads\/cache\/2018\/06\/IMG_0057\/-1385221493.jpg\" src=\"data:image\/svg+xml,%3Csvg%20xmlns%3D%22http%3A%2F%2Fwww.w3.org%2F2000%2Fsvg%22%20width%3D%22525%22%20height%3D%22350%22%20viewBox%3D%220%200%20525%20350%22%3E%3C%2Fsvg%3E\" loading=\"eager\"><\/span><span class=\"fg-image-overlay\"><\/span><\/a><figcaption class=\"fg-caption\"><div class=\"fg-caption-inner\"><\/div><\/figcaption><\/figure><div class=\"fg-loader\"><\/div><\/div><div class=\"fg-item fg-type-image fg-idle\"><figure class=\"fg-item-inner\"><a data-attachment-id=\"572\" data-type=\"image\" class=\"fg-thumb\"><span class=\"fg-image-wrap\"><img decoding=\"async\" height=\"350\" width=\"233\" class=\"skip-lazy fg-image\" data-src-fg=\"https:\/\/michelclermont-photo.com\/wp-content\/uploads\/cache\/2018\/06\/IMG_0069\/-1666093571.jpg\" src=\"data:image\/svg+xml,%3Csvg%20xmlns%3D%22http%3A%2F%2Fwww.w3.org%2F2000%2Fsvg%22%20width%3D%22233%22%20height%3D%22350%22%20viewBox%3D%220%200%20233%20350%22%3E%3C%2Fsvg%3E\" loading=\"eager\"><\/span><span class=\"fg-image-overlay\"><\/span><\/a><figcaption class=\"fg-caption\"><div class=\"fg-caption-inner\"><\/div><\/figcaption><\/figure><div class=\"fg-loader\"><\/div><\/div><\/div>\r\n\n<div id=\"pl-72\" class=\"panel-layout\">\n<div id=\"pg-72-0\" class=\"panel-grid panel-no-style\">\n<div id=\"pgc-72-0-0\" class=\"panel-grid-cell\" data-weight=\"1\">\n<div id=\"panel-72-0-0-0\" class=\"so-panel widget widget_media_gallery panel-first-child panel-last-child\" data-index=\"0\" data-style=\"{&quot;background_display&quot;:&quot;tile&quot;}\"><\/div>\n<\/div>\n<\/div>\n<\/div>\t\t\t\t\t<\/div>\n\t\t\t\t\t\t<\/div>\n\t\t\t\t<\/div>\n\t\t\t\t\t\t<\/div>\n\t\t\t\t\t<\/div>\n\t\t<\/div>\n\t\t\t\t\t\t\t\t<\/div>\n\t\t\t\t\t<\/div>\n\t\t<\/section>\n\t\t\t\t\t\t<\/div>\n\t\t\t\t\t\t<\/div>\n\t\t\t\t\t<\/div>\n\t\t","protected":false},"excerpt":{"rendered":"<p> &hellip; <a href=\"https:\/\/michelclermont-photo.com\/index.php\/mode\/\" class=\"more-link\"><span><span class=\"screen-reader-text\">Off<\/span><\/span><\/a><\/p>\n","protected":false},"author":1,"featured_media":288,"parent":0,"menu_order":0,"comment_status":"closed","ping_status":"closed","template":"","meta":{"advanced_seo_description":"","spay_email":""},"_links":{"self":[{"href":"https:\/\/michelclermont-photo.com\/index.php\/wp-json\/wp\/v2\/pages\/72"}],"collection":[{"href":"https:\/\/michelclermont-photo.com\/index.php\/wp-json\/wp\/v2\/pages"}],"about":[{"href":"https:\/\/michelclermont-photo.com\/index.php\/wp-json\/wp\/v2\/types\/page"}],"author":[{"embeddable":true,"href":"https:\/\/michelclermont-photo.com\/index.php\/wp-json\/wp\/v2\/users\/1"}],"replies":[{"embeddable":true,"href":"https:\/\/michelclermont-photo.com\/index.php\/wp-json\/wp\/v2\/comments?post=72"}],"version-history":[{"count":32,"href":"https:\/\/michelclermont-photo.com\/index.php\/wp-json\/wp\/v2\/pages\/72\/revisions"}],"predecessor-version":[{"id":1920,"href":"https:\/\/michelclermont-photo.com\/index.php\/wp-json\/wp\/v2\/pages\/72\/revisions\/1920"}],"wp:featuredmedia":[{"embeddable":true,"href":"https:\/\/michelclermont-photo.com\/index.php\/wp-json\/wp\/v2\/media\/288"}],"wp:attachment":[{"href":"https:\/\/michelclermont-photo.com\/index.php\/wp-json\/wp\/v2\/media?parent=72"}],"curies":[{"name":"wp","href":"https:\/\/api.w.org\/{rel}","templated":true}]}}